t f(t) = -m(t) + 4*q(t). What is f(10)?
3
Suppose -8 = -c - 3*c. Let m = 2 + c. Let o(q) = q**3 - 4*q**2 - 2*q + 4. What is o(m)?
-4
Let x(n) be the third derivative of -n**5/30 + 5*n**4/24 - n**3/3 - n**2. Suppose -31 = -7*t - 10. Give x(t).
-5
Let d = -16 - -22. Let p(r) = 3*r - 6. Give p(d).
12
Suppose 2*p - 4 = 6. Let v(u) be the first derivative of -u**4/4 + 5*u**3/3 - 2*u + 1. Calculate v(p).
-2
Let y = 509 - 512. Let i(s) = s - 2 + 4 - 3 - s**2. Give i(y).
-13
Suppose 0*x - 3*x - 18 = 0. Let d(p) = p + 5. Let m be d(x). Let r(i) = -7*i**2 + 1. Calculate r(m).
-6
Let a = -93 + 88. Let s(i) be the second derivative of i**3/3 + i**2 - i. What is s(a)?
-8
Let c(v) = v + 12. Let n be c(-9). Let h(y) = -7 - 3*y**2 + y - 2*y**2 + 10 + y**n. Calculate h(4).
-9
Let k(g) = 5 - 33*g + 3 + 31*g. What is k(8)?
-8
Let d(y) = y + 14 - 31 + 12. Determine d(3).
-2
Suppose -4*f + 20 = -32. Let h(w) = -w**3 + 14*w**2 - 14*w + 14. Calculate h(f).
1
Let q(l) = 3*l**3 + 8*l**2 + 5*l + 1. Let c(g) = -2*g**3 - 7*g**2 - 5*g - 1. Let d(u) = -4*c(u) - 3*q(u). Suppose -3*w - 3 + 18 = 0. Give d(w).
1
Suppose -3*j - 4*p - 26 = 0, j + j - 2*p + 8 = 0. Let x(h) = -4*h**2 - 5*h - 4. Let g(s) = -5*s**2 - 6*s - 4. Let f(z) = j*x(z) + 5*g(z). What is f(3)?
-5
Let z = 31 + -27. Let u(o) be the third derivative of -5/24*o**4 + 1/60*o**5 + 0 + 2*o**2 + 0*o + 0*o**3. Give u(z).
-4
Let l = -11 + 8. Let p(t) = -t - 1. What is p(l)?
2
Let f(w) be the first derivative of w**4/4 - w**3 - w**2/2 - w + 2. Give f(3).
-4
Suppose 2*k = -0*k + 10. Let r = -2 + k. Let c(l) = -3*l**2 - 11*l. Let g(j) = -j**2 - 4*j. Let m(v) = 6*c(v) - 17*g(v). Determine m(r).
-3
Let o(b) = -3 + 1 + 0 + b - 1. Determine o(-6).
-9
Let z(h) = -3*h. Let c(l) = 1. Let p(o) = 9*o - 3. Let g(k) = 3*c(k) + p(k). Let x(f) = -6*g(f) - 17*z(f). Determine x(-2).
6
Let g(q) be the first derivative of q**4/4 + 4*q**3/3 - q**2/2 - 5*q + 1. Suppose 5*c = -8 + 28. Suppose -3*h = -4*l - 0*h - 1, 4*l - 4*h = c. Give g(l).
-1
Let y(l) = 2*l**2 + 33*l + 9. Let q(a) = 3*a**2 + 50*a + 13. Let z(v) = 5*q(v) - 8*y(v). What is z(-14)?
-7
Let v = -1 + -14. Let y be (v/(-9) + -2)*0. Let g(x) be the second derivative of x**5/20 - x**4/12 - x**3/6 + 7*x**2/2 - x. Calculate g(y).
7
Let v(z) = -4*z - 1. Let g(c) = -c - 1. Let o(j) = -6*g(j) + v(j). Let p(h) = 4*h. Let s be p(1). Determine o(s).
13
Let m(x) = x**3 + 4*x**2 - x - 4. Let s = 22 - 31. Let i(o) = o**2 + 9*o - 4. Let h be i(s). Determine m(h).
0
Let l(i) be the first derivative of -i**2/2 + i + 6. Give l(-4).
5
Let l(k) = -6*k**2 - 1 + 3*k - 2*k + 7*k**2. Calculate l(3).
11
Let o(t) = -49*t - 7. Let x(a) = 24*a + 3. Let f(j) = -4*o(j) - 9*x(j). Determine f(-1).
21
Let t(w) be the first derivative of w**5/120 - w**4/24 + 2*w**3/3 - 1. Let x(z) be the third derivative of t(z). Give x(2).
1
Let r be 0 + 1 + 5 + -3. Let g(h) = -h**3 + 4*h**2 - 3*h. Determine g(r).
0
Let v(s) = -4*s - 1. Suppose -r + 9 = 2*o, -3 = -o - 0*r - 2*r. Suppose 4 = -4*a, 3*a = o*i - i - 23. Let n = i - 7. What is v(n)?
7
Suppose 8*b - 6 = 18. Let l(u) be the first derivative of 1/2*u**2 + 0*u + 3/4*u**4 + b - 1/3*u**3. What is l(1)?
3
Suppose -5*i = 2*p - 5 - 11, -4*i = 3*p - 17. Let y(d) = -2*d**2 - 2 - 3*d + 0 + d**3 + 2*d. Calculate y(p).
4
Let p(c) = -c**2 - c. Let z be p(1). Let g(x) = -2*x**3 + 2*x**2 - 3*x. Let s(l) = -l**3 - l. Let t(a) = -g(a) + 4*s(a). What is t(z)?
10
Let l(b) = -15*b**2 + b. Let a = 149 + -150. Give l(a).
-16
Let a(t) = -2 - 11*t + 3 - 2. Let j(n) = -7*n - 1. Let q(g) = -5*a(g) + 8*j(g). Let b(z) = -5*z + 1. Let f be b(1). Determine q(f).
1
Let m(o) = -2 + 2*o + 9 - 4 - 2 - 8*o**2. What is m(-1)?
-9
Let w(t) = 4*t**3 - 9*t**2 + t + 6. Suppose -2*v = -3*p + 24, -2*p + 4 = -v - 11. Let u(o) = -5*o**3 + 10*o**2 - o - 7. Let d(n) = p*w(n) + 5*u(n). Give d(-2).
-9
Let v(g) = -g**3 - 6*g**2 + 9*g + 4. Let b = 25 + -32. Determine v(b).
-10
Suppose 3*f + 8 + 1 = 0. Let w be (0/f - 1)*-2. Let g(l) = -4*l + 5*l - 3 - l**w + 1 + 5. What is g(3)?
-3
Let l(t) be the second derivative of t**5/20 - t**4/2 + 5*t**3/6 + 3*t**2/2 - 30*t. What is l(4)?
-9
Let a(z) = -3*z**2 - 13*z - 10. Let w(j) = 2*j**2 + 9*j + 7. Let v = -2 - 3. Let g(p) = v*a(p) - 8*w(p). Give g(-4).
6
Suppose -2 = -5*q + 3. Suppose -2*v - 9 = -q. Let t = -1 - v. Let d(a) = a**3 - a**2 - 3*a - 4. Determine d(t).
5
Let t(z) = 309 - 7*z - z - 299 - z**2. Calculate t(-8).
10
Let i = 9 + -7. Let r(d) = 0 + i + d - 4. Give r(2).
0
Let x(s) be the first derivative of -s**3/3 - s**2/2 + 2. Calculate x(-3).
-6
Let d(p) = p**2 + 2*p + 1. Let g be d(-3). Suppose -g*j + 10 = j. Let h(l) = -j + l + 2. Give h(-2).
-2
Suppose -5*h = 2*s - 5*s - 40, -h + 21 = 2*s. Suppose h = 3*k - 7. Let d(f) = -4 + k*f + 5 + 2*f. Calculate d(-1).
-7
Let x(d) be the second derivative of 0 - 1/3*d**3 + 2*d**2 - 4*d. Calculate x(-4).
12
Suppose 3*w + 278 = -4*b, 2*w = -2*b + w - 138. Let q be b/(-12) - 4/6. Let o(f) = -f**2 + 6*f - 3. What is o(q)?
2
Let a(c) = -2*c - 6. Let j(p) = -2*p - 4. Suppose z = 3*z + 6. Let v be j(z). Suppose 3*l + 0*n + 3 = -3*n, 0 = -2*l + v*n - 22. Calculate a(l).
6
Let c(d) = -3*d + 42. Let p be c(16). Let z(t) = t**2 + 5*t - 7. Give z(p).
-1
Suppose 3*r - u + 2 = 0, r - 19*u + 2 = -20*u. Let j(a) = -a**3 - 1. What is j(r)?
0
Let o = 18 + -9. Let v = o - 5. Suppose 0 = -v*w - 14 - 2. Let p(l) = -l - 6. Calculate p(w).
-2
Let t(w) = 6*w**2 + 1 - 2*w - 11*w**2 + 12*w**2. Let z = -3 - -4. Calculate t(z).
6
Let z(i) = -i**3 + 5*i**2 - 4*i - 1. Let q be z(3). Let r be 20/(-30)*(0 + 3). Let s = r + q. Let m(b) = b**2 - 4*b. What is m(s)?
-3
Let k = 77 + -69. Let j(s) = s**3 - 7*s**2 - 8*s + 4. Determine j(k).
4
Suppose -3*u + 15 = 2*u, 3*u - 19 = -2*o. Let t(z) be the second derivative of -z**4/12 + z**3/2 + z**2 - 2*z. Give t(o).
-8
Let x(l) = 3 - 8 - 195*l + 194*l. Determine x(-5).
0
Let a(w) = -2*w**2 + 21*w - 5. Let v be a(10). Let k(b) = 0*b**2 + 0 - b**2 + 2 + 4*b. Determine k(v).
-3
Let d(c) = -5*c**3 - 6*c**2 + 7*c + 3. Let u(o) = 11*o**3 + 12*o**2 - 14*o - 6. Let r(s) = 9*d(s) + 4*u(s). Calculate r(-7).
3
Let r(a) = 3*a**2 + 3. Let u(y) = -y**2 + y - 1. Let h(g) = r(g) + 4*u(g). Let o = -4 + 6. Suppose 0 = -4*f - 5*n - 2 + 34, -3*f + 17 = o*n. Give h(f).
2
Let u(b) = b**2 + 12*b - 15. Let v be u(-13). Suppose 5*i - 1 = 14. Let s(n) = -3 - i*n**2 - 1 - n**3 - 3*n + 3. What is s(v)?
1
Suppose -x = 4*x. Let d = x - 2. Let k(z) = 3*z**2 - 2. What is k(d)?
10
Let r(d) = -4*d**2 - 4*d - 2. Suppose -48 = 3*y + 4*n - 164, -y + 4*n = -28. Let c be (-2)/7 - y/21. Determine r(c).
-10
Let z(y) = -y**2 - 1. Let l(k) = 12*k**2 + k + 7. Let b(n) = l(n) + 6*z(n). Calculate b(-1).
6
Let z(m) = -2*m + 1. Suppose -3*y + h + 12 = -2*h, 0 = y + 3*h. Calculate z(y).
-5
Let c(p) = p**3 - 12*p**2 - 14*p + 17. Let y be c(13). Let f(a) = 0*a - y*a - a + 2*a + 2*a**2. Determine f(2).
2
Let f(j) = 3*j**2 + j - 2. Let c be f(-2). Suppose -d = -3*d - c. Let q(i) = 3*i + 6. Determine q(d).
-6
Let m(j) = 5*j**3 - j + 1. Let s be m(1). Let k(g) be the second derivative of 1/6*g**3 + 0 - 1/6*g**4 + 1/20*g**s + 3*g - 1/2*g**2. What is k(2)?
1
Suppose o - 2*o - 5 = 3*k, -2*k = o + 1. Let b(j) = -j**2 + 4*j + 4. What is b(o)?
-17
Let i(x) = x**3 + x**2 - x - 2. Suppose 3*l = 7*l. Suppose 2*t + 4 + 4 = l. Let n be ((-7)/(-2) - 3)*t. What is i(n)?
-4
Suppose -5*k + 4 = -21. Let l(v) be the third derivative of -v**4/12 - v**3/2 + v**2. Determine l(k).
-13
Let l(p) = -p**2 - 5*p + 6. Let j(v) = v**2 + 5*v - 5. Let n(t) = -5*j(t) - 4*l(t). What is n(-6)?
-5
Let c(v) = -v**3 - 4*v**2 - v + 2. Suppose -5*x - 5 = 5*s, -x + 3 = -4*s - 11. Suppose x = 4*r - p + 3, -p + 1 = 0. Suppose 0 = 3*n - r*n + 12. Calculate c(n).
6
Let r(l) = 4*l**3 + l**2 + l. Suppose 0 = 4*a + 4. What is r(a)?
-4
Let f(z) be the second derivative of -z**5/10 + z**2/2 - 24*z. Calculate f(1).
-1
Let m(j) = 2 + 4 + 0 + 3*j + 0. Let w(r) = -2*r + 4. Let h be w(4). Calculate m(h).
-6
Suppose 8 = -5*v + 23. Let y(g) = -2*g**3 - 5*g**2 + v*g**3 + 5 + g**2 - 7*g. Let d be 20/(-6)*18/(-12). Calculate y(d).
-5
Let o(f) = 2*f**2 - 7*f + 4. Suppose -d - 7 + 2 = 3*r, 2*r = 4*d - 22. Determine o(d).
8
Let i(k) be the second derivative of 5*k**3/6 - k. Let b be -3 - -4 - (0 - 1). Determine i(b).
10
Let q(d